26951.
11, 19231
What are the prime factors of 14060899?
167, 269, 313
What are the prime factors of 243762?
2, 3, 40627
What are the prime factors of 18952391?
23, 824017
What are the prime factors of 212839?
11, 1759
What are the prime factors of 2089711?
13, 23, 29, 241
What are the prime factors of 13364058?
2, 3, 23, 113, 857
List the prime factors of 1387836.
2, 3, 19, 2029
List the prime factors of 419707.
53, 7919
What are the prime factors of 1391011?
1391011
List the prime factors of 185368.
2, 17, 29, 47
What are the prime factors of 9348833?
13, 23, 31267
List the prime factors of 2196403.
11, 199673
List the prime factors of 53788.
2, 7, 17, 113
What are the prime factors of 13967077?
13967077
List the prime factors of 9472758.
2, 3, 1578793
What are the prime factors of 2353735?
5, 17, 27691
What are the prime factors of 943854?
2, 3, 47, 3347
What are the prime factors of 553169?
277, 1997
What are the prime factors of 2251780?
2, 5, 112589
List the prime factors of 10546249.
7, 1506607
List the prime factors of 1564581.
3, 521527
What are the prime factors of 1133103?
3, 19, 103, 193
What are the prime factors of 571270?
2, 5, 7, 8161
List the prime factors of 1145677.
13, 88129
List the prime factors of 4386772.
2, 13, 29, 2909
What are the prime factors of 9738353?
47, 207199
What are the prime factors of 340132?
2, 13, 31, 211
What are the prime factors of 548913?
3, 17, 47, 229
What are the prime factors of 499657?
47, 10631
List the prime factors of 2033947.
523, 3889
What are the prime factors of 668304?
2, 3, 7, 13, 17
What are the prime factors of 1064605?
5, 149, 1429
What are the prime factors of 744414?
2, 3, 11, 11279
List the prime factors of 28214700.
2, 3, 5, 94049
What are the prime factors of 604558?
2, 302279
What are the prime factors of 1474008?
2, 3, 61417
What are the prime factors of 7191558?
2, 3, 11, 12107
List the prime factors of 4108439.
4108439
What are the prime factors of 632644?
2, 158161
List the prime factors of 1106727.
3, 29, 12721
What are the prime factors of 988794?
2, 3, 18311
What are the prime factors of 388315?
5, 37, 2099
List the prime factors of 51209.
41, 1249
List the prime factors of 318261.
3, 106087
List the prime factors of 178923.
3, 19, 43, 73
What are the prime factors of 26391496?
2, 173, 19069
What are the prime factors of 23012354?
2, 31, 239, 1553
List the prime factors of 179527.
179527
List the prime factors of 2406152.
2, 7, 42967
What are the prime factors of 33927206?
2, 17, 31, 32189
What are the prime factors of 1935077?
41, 109, 433
What are the prime factors of 31960623?
3, 10653541
What are the prime factors of 2118648?
2, 3, 7, 12611
List the prime factors of 1050020.
2, 5, 52501
List the prime factors of 341690.
2, 5, 47, 727
List the prime factors of 8610781.
19, 453199
What are the prime factors of 4581?
3, 509
List the prime factors of 2486863.
2486863
List the prime factors of 644474.
2, 322237
List the prime factors of 9422412.
2, 3, 191, 4111
What are the prime factors of 1188328?
2, 89, 1669
What are the prime factors of 615346?
2, 89, 3457
What are the prime factors of 3717863?
19, 195677
What are the prime factors of 2552826?
2, 3, 425471
What are the prime factors of 3297543?
3, 1099181
What are the prime factors of 3279740?
2, 5, 163987
List the prime factors of 3317949.
3, 122887
What are the prime factors of 14589202?
2, 7294601
List the prime factors of 20808342.
2, 3, 1156019
What are the prime factors of 1485970?
2, 5, 17, 8741
What are the prime factors of 11013463?
31, 47, 7559
What are the prime factors of 553299?
3, 17, 19, 571
What are the prime factors of 8217934?
2, 929, 4423
List the prime factors of 1465453.
11, 127, 1049
What are the prime factors of 515136?
2, 3, 2683
List the prime factors of 1494930.
2, 3, 5, 49831
List the prime factors of 1332063.
3, 89, 1663
What are the prime factors of 5161256?
2, 241, 2677
List the prime factors of 1750734.
2, 3, 101, 107
What are the prime factors of 7642907?
163, 46889
List the prime factors of 1640508.
2, 3, 136709
List the prime factors of 7858950.
2, 3, 5, 11, 433
List the prime factors of 6398687.
19, 336773
List the prime factors of 14089889.
11, 17, 75347
What are the prime factors of 260641?
71, 3671
What are the prime factors of 1797902?
2, 898951
What are the prime factors of 2225018?
2, 1112509
List the prime factors of 3373057.
3373057
List the prime factors of 3602428.
2, 900607
What are the prime factors of 16278331?
223, 72997
List the prime factors of 2539043.
13, 195311
List the prime factors of 14512579.
14512579
List the prime factors of 162672.
2, 3, 3389
List the prime factors of 3330461.
3330461
What are the prime factors of 491922?
2, 3, 27329
What are the prime factors of 5920343?
11, 13, 19, 2179
List the prime factors of 154311.
3, 51437
What are the prime factors of 2485576?
2, 310697
List the prime factors of 187907.
187907
List the prime factors of 60116.
2, 7, 19, 113
What are the prime factors of 14412147?
3, 4804049
List the prime factors of 1730617.
7, 17, 14543
List the prime factors of 2642372.
2, 660593
What are the prime factors of 602864?
2, 41, 919
What are the prime factors of 7429356?
2, 3, 11, 73, 257
List the prime factors of 3569452.
2, 313, 2851
What are the prime factors of 239753?
239753
What are the prime factors of 138524?
2, 34631
List the prime factors of 8924082.
2, 3, 17, 87491
What are the prime factors of 517834?
2, 258917
What are the prime factors of 15888602?
2, 7944301
What are the prime factors of 1320121?
11, 120011
What are the prime factors of 898750?
2, 5, 719
What are the prime factors of 1269512?
2, 31, 5119
List the prime factors of 26574.
2, 3, 43, 103
What are the prime factors of 27066961?
27066961
What are the prime factors of 376617?
3, 125539
List the prime factors of 536368.
2, 7, 4789
List the prime factors of 345455.
5, 11, 571
What are the prime factors of 1037535?
3, 5, 263
List the prime factors of 2466112.
2, 11, 31, 113
List the prime factors of 1281780.
2, 3, 5, 7121
List the prime factors of 250717.
409, 613
What are the prime factors of 271555?
5, 54311
What are the prime factors of 95559?
3, 53, 601
What are the prime factors of 1660462?
2, 23, 36097
List the prime factors of 243399.
3, 13, 79
What are the prime factors of 412368?
2, 3, 11, 71
What are the prime factors of 13874171?
13874171
List the prime factors of 365856.
2, 3, 37, 103
What are the prime factors of 2124436?
2, 67, 7927
List the prime factors of 246335.
5, 19, 2593
What are the prime factors of 16145675?
5, 7, 13, 47, 151
What are the prime factors of 48039?
3, 67, 239
What are the prime factors of 2616951?
3, 872317
List the prime factors of 334889.
334889
What are the prime factors of 1082515?
5, 7, 157, 197
What are the prime factors of 4198341?
3, 7, 199921
What are the prime factors of 374838?
2, 3, 62473
List the prime factors of 10042259.
251, 40009
List the prime factors of 2767831.
11, 251621
What are the prime factors of 59889?
3, 19963
What are the prime factors of 1327894?
2, 151, 4397
What are the prime factors of 2025849?
3, 7, 96469
What are the prime factors of 2543199?
3, 239, 3547
List the prime factors of 55191.
3, 18397
What are the prime factors of 8610198?
2, 3, 613, 2341
What are the prime factors of 341312?
2, 5333
List the prime factors of 3830265.
3, 5, 47, 1811
List the prime factors of 4565084.
2, 1141271
List the prime factors of 1841611.
139, 13249
What are the prime factors of 20924263?
17, 19, 64781
List the prime factors of 4106930.
2, 5, 43, 9551
What are the prime factors of 194272?
2, 13, 467
What are the prime factors of 2720026?
2, 23, 29, 2039
What are the prime factors of 2638453?
569, 4637
List the prime factors of 1343379.
3, 447793
What are the prime factors of 1168633?
19, 61507
What are the prime factors of 44066?
2, 11, 2003
What are the prime factors of 54428?
2, 11, 1237
List the prime factors of 323217.
3, 11971
What are the prime factors of 179007?
3, 59669
What are the prime factors of 122742?
2, 3, 2273
List the prime factors of 1077770.
2, 5, 107777
List the prime factors of 69250.
2, 5, 277
What are the prime factors of 241746?
2, 3, 43, 937
What are the prime factors of 756932?
